 What is h(5)?
-17
Let a(g) = 30389*g - 455832. What is a(15)?
3
Let j(v) = -7540*v + 112544. Give j(15).
-556
Let g(k) = 70*k**2 + 3432*k + 101. What is g(-49)?
3
Let b(d) = -402*d**3 + 7*d**2 - 161*d - 336. What is b(-2)?
3230
Let r(q) = 41*q**2 + 253*q. Give r(-4).
-356
Let y(f) = -14*f**2 - 1237*f - 7292. What is y(-82)?
6
Let v(f) = f**3 + 39*f**2 + 496*f + 2128. Calculate v(-14).
84
Let o(z) = -50*z**2 - 1948*z - 8430. What is o(-34)?
2
Let r(i) = 2*i**3 - 115*i**2 - 787*i - 2876. Give r(64).
4
Let z(o) = -o**3 - 19*o**2 + 555*o - 5. Calculate z(16).
-85
Let p(o) = -o**3 - 11*o**2 + 1888*o + 17162. What is p(-9)?
8
Let b(u) = 2*u**2 - 298*u - 9225. Calculate b(164).
-4305
Let l(m) = -9*m**2 - 95297*m + 476545. Calculate l(5).
-165
Let s(u) = -u**2 + 158*u + 5581. Determine s(-27).
586
Let m(o) = 7*o**3 + 2783*o**2 - 8405*o - 14. Determine m(3).
7
Let i(l) = -26*l**2 - 2309*l - 37032. What is i(-21)?
-9
Let m(b) = 4*b**2 - 151*b - 1771. Give m(-12).
617
Let n(u) = u**3 + 67*u**2 - 444*u - 430. Calculate n(7).
88
Let a(y) = 20939*y + 62772. Determine a(-3).
-45
Let p(u) = u**3 - 79*u**2 + 1465*u + 153. Calculate p(30).
3
Let l(y) = -3*y**2 + 23999*y - 383207. What is l(16)?
9
Let u(l) = -6620*l**2 - 3667487*l - 3875. What is u(-554)?
3
Let j(b) = 16*b**2 - 13*b - 2453. Determine j(-12).
7
Let d(z) = -z**3 - 43*z**2 + 69*z - 923. Determine d(-45).
22
Let r(v) = -v**3 + 5396*v**2 - 86134*v + 877. Determine r(16).
13
Let z(w) = -2*w**3 + 4*w**2 + 254*w + 15. Calculate z(0).
15
Let p(m) = 1325*m - 62408. Determine p(47).
-133
Let x(i) = 2263*i - 18576. Calculate x(8).
-472
Let z(t) = 20*t + 553. What is z(-21)?
133
Let i(g) = -g**3 + 91*g**2 - 1299*g - 887. What is i(73)?
208
Let s(d) = -301*d**3 + 3614*d**2 - 9*d + 56. What is s(12)?
236
Let s(i) = -179*i**2 - 57*i + 90. Give s(1).
-146
Let f(l) = l**2 + 1063*l - 242431. Determine f(193).
-23
Let c(f) = f**3 + 193*f**2 - 10430*f - 647. Calculate c(-237).
-173
Let j(d) = 2964*d - 317181. Determine j(107).
-33
Let l(x) = -x**2 + 2650*x - 483237. Give l(197).
4
Let z(p) = -7*p**3 + 3*p**2 - 127*p + 304. Give z(2).
6
Let o(c) = 6*c**2 - 4130*c + 32894. Give o(8).
238
Let f(d) = 14*d**2 - 1631*d - 563. What is f(117)?
256
Let f(w) = 4*w**2 - 140*w - 1531. Determine f(40).
-731
Let g(l) = -55956*l + 4868092. Calculate g(87).
-80
Let w(n) = 214081*n - 37464170. Calculate w(175).
5
Let z(j) = -4382*j + 1113061. Calculate z(254).
33
Let c(x) = -2*x**3 + 242*x**2 + 122*x + 14654. Determine c(122).
-230
Let c(s) = 3777*s - 22921. Give c(8).
7295
Let u(c) = 116*c + 4718. Give u(-35).
658
Let n(k) = -3462608*k + 3462616. What is n(1)?
8
Let q(w) = 717*w - 126187. Determine q(176).
5
Let q(p) = 2*p**3 + 90*p**2 - 635*p + 61. Give q(6).
-77
Let n(p) = 6*p**2 + 469*p + 1642. Give n(-3).
289
Let i(u) = -16*u**2 + 193*u + 929. Give i(-4).
-99
Let v(s) = 515*s + 5156. What is v(-10)?
6
Let u(w) = -w**2 - 2983*w + 811508. What is u(251)?
-226
Let n(z) = -40947*z + 409450. Determine n(10).
-20
Let s(j) = j**3 + 180*j**2 - 968*j - 7954. Determine s(-185).
1
Let w(z) = -5739*z - 987147. What is w(-172)?
-39
Let f(v) = -13569*v - 27138. Determine f(-2).
0
Let u(z) = 19*z**3 + 2153*z**2 + 695*z + 1914. Calculate u(-113).
-7
Let c(f) = -19332*f + 328629. Calculate c(17).
-15
Let f(a) = -24*a**2 - 337*a + 251. What is f(-20)?
-2609
Let f(t) = 3*t**2 - 2528*t - 25409. Calculate f(-10).
171
Let a(t) = -t**3 + 10*t**2 - 641*t + 6399. Calculate a(10).
-11
Let a(o) = -520*o - 13575. Give a(-34).
4105
Let i(g) = -7*g**2 + 381*g + 1943. Give i(59).
55
Let g(o) = -12*o**3 - 108*o**2 - 155*o - 81. Determine g(-7).
-172
Let l(c) = c**2 + 142622*c + 3279732. What is l(-23)?
-45
Let c(n) = 3*n**3 - 905*n**2 - 22769*n + 6172. Give c(325).
-3
Let u(n) = 8353*n + 14198. Give u(-1).
5845
Let s(x) = x**3 - 4*x**2 + 73*x - 109. Determine s(2).
29
Let s(f) = 44*f**2 + 538*f + 109. Give s(-12).
-11
Let m(s) = -3*s**2 - 4856*s + 53810. What is m(11)?
31
Let w(p) = -785*p + 101231. Calculate w(129).
-34
Let r(b) = -11*b**3 - 11*b**2 + 153*b - 4. Calculate r(0).
-4
Let m(c) = -1285*c - 197950. Calculate m(-154).
-60
Let h(c) = 362859*c - 1088537. What is h(3)?
40
Let j(p) = -p**3 + 70*p**2 - 308*p - 831. What is j(65)?
274
Let s(r) = -3*r**3 + 160*r**2 - 682*r + 2199. Determine s(49).
-6
Let z(b) = -1075*b + 445063. Give z(414).
13
Let j(m) = 142*m - 12842. Give j(75).
-2192
Let j(u) = -5*u**3 + 21*u**2 + 47*u - 28. Determine j(-3).
155
Let y(a) = -a**3 - 96*a**2 - 1020*a + 2942. What is y(-15)?
17
Let w(n) = 31551*n + 27228520. Give w(-863).
7
Let k(v) = -1751*v**2 - 29762*v + 49. What is k(-17)?
-36
Let h(f) = f**3 + 700*f**2 - 438*f - 306583. What is h(-700)?
17
Let p(m) = -m**2 - 349*m - 29023. Calculate p(-136).
-55
Let f(q) = 526*q - 25356. Give f(49).
418
Let p(c) = 2*c**3 - 132*c**2 - 567*c - 1. Determine p(-4).
27
Let s(z) = 105*z + 2971. Calculate s(-29).
-74
Let n(r) = -18174*r + 599741. What is n(33)?
-1
Let o(v) = 3*v**2 + 1231*v + 3706. What is o(-3)?
40
Let i(o) = -280*o - 5867. Give i(-21).
13
Let d(o) = 5*o**3 - 55*o**2 - 39*o + 440. Calculate d(11).
11
Let o(r) = -29*r + 5784. Calculate o(73).
3667
Let r(x) = 100256*x - 301019. What is r(3)?
-251
Let g(c) = -5487*c - 65546. Determine g(-12).
298
Let a(m) = -m**3 - 89*m**2 - 99*m + 11. What is a(0)?
11
Let f(w) = -w**3 - 584*w**2 - 35713*w - 91646. Give f(-515).
24
Let x(r) = -39264*r + 194390. What is x(5)?
-1930
Let i(x) = -x**3 + 532*x**2 - 3156*x - 29. What is i(526)?
-29
Let n(l) = -l**2 - 17290*l - 2757745. Calculate n(-161).
24
Let k(w) = 8*w**2 - 124*w + 933. Calculate k(9).
465
Let o(q) = 35*q**3 - 4*q**2 + 49*q - 145. Determine o(0).
-145
Let p(f) = -975*f - 122862. Calculate p(-126).
-12
Let p(n) = 2*n**3 + 458*n**2 + 126*n + 29291. Determine p(-229).
437
Let b(t) = -7470*t - 993577. Give b(-133).
-67
Let y(i) = -i**3 + 73*i**2 - 621*i + 1367. Calculate y(4).
-13
Let z(j) = 19*j**2 - 771*j - 556177. Determine z(-152).
-9
Let j(c) = 1559*c**2 - 43748*c + 2691. Give j(28).
3
Let z(t) = 4*t**3 + 2381*t**2 + 651*t + 33327. Give z(-595).
7
Let q(s) = 20*s**2 - 1525*s + 3045. Give q(2).
75
Let t(f) = f**3 + 10*f**2 - 8590*f - 14651. Determine t(-97).
-4
Let o(c) = -c**3 - 434*c**2 + 13926*c + 2770. Calculate o(-464).
-14
Let g(a) = 351*a**2 - 129171*a + 1102. What is g(368)?
-2
Let p(z) = -10133*z + 3668149. Give p(362).
3
Let v(y) = 2*y**3 - 170*y**2 + 2734*y - 30. Calculate v(22).
-866
Let o(h) = -11813*h - 779710. Calculate o(-66).
-52
Let n(a) = 3006*a + 309616. What is n(-103)?
-2
Let c(o) = o**2 - 6734*o + 4014253. What is c(661)?
0
Let z(l) = 116*l**2 - 8277*l + 8276. Determine z(1).
115
Let g(p) = -1281*p**2 - 46137*p - 734. Calculate g(-36).
22
Let t(s) = -335*s + 7368. Determine t(22).
-2
Let x(b) = -2*b**3 + 14*b**2 - 13*b - 78. What is x(-5)?
587
Let s(v) = 2*v**2 - 3986*v + 23766. Give s(6).
-78
Let r(j) = 11*j**2 + 13*j - 85. What is r(3)?
53
Let j(z) = 1711*z - 35836. Give j(21).
95
Let p(d) = -189*d + 21120. What is p(99)?
2409
Let g(l) = -9*l**2 - 284*l - 1337. What is g(-5)?
-142
Let q(p) = 8*p**3 + 40*p**2 + 52*p + 89. Give q(-4).
9
Let c(q) = 31*q**3 - 339*q**2 - 2*q - 247. Determine c(11).
-27
Let k(h) = 1428*h - 39963. Calculate k(28).
21
Let j(q) = -6*q**3 - 26*q**2 - 39*q + 13. Calculate j(-2).
35
Let h(k) = 36*k**2 + 643*k - 641. Give h(1).
38
Let c(l) = -171*l - 6186. What is c(-41)?
825
Let z(j) = 9227*j - 8110478. What is z(879)?
55
Let s(u) = u**3 + 19*u**2 + 700*u + 10309. Determine s(-16).
-123
Let a(m) = -17*m**2 + 220*m + 1551. Determine a(-7).
-822
Let r(a) = 182*a**3 + 1625*a**2 - 107*a - 5. Determine r(-9).
-95
Let u(r) = 16064*r - 90. Determine u(0).
-90
Let l(j) = 241*j + 239. What is l(3)?
962
Let w(l) = l**3 - 20*l**2 + 127*l - 1484. Determine w(19).
568
Let p(t) = t**3 - 132*t**2 - 225*t - 5789. Give p(134).
-27
Let p(y) = 152393*y - 1066477. Determine p(7).
274
Let p(d) = 53113*d - 478020. Calculate p(9).
-3
Let v(m) = -2996*m + 11827. Determine v(4).
-157
Let v(o) = -o**3 + 38*o**2 + 98*o - 277. What is v(-4)?
3
Let x(g) = 3*g**3 - 3107*g**2 - 715*g - 332526. Calculate x(1036).
30
Let a(k) = k**3 + 85*k**2 - 3899*k + 35188. Calculate a(14).
6
Let l(u) = -u**2 + 1893*u - 291348. Calculate l(169).
8
Let c(k) = 324*k + 208. D